 Let y = j + -112. Calculate the remainder when 41 is divided by y.
13
Suppose -84*w + 53*w + 9021 = 0. What is the remainder when w is divided by 37?
32
Let n(t) = -6*t - 39. Suppose 2*o = -4*p + 38, -4*o + 44 = 2*p + 2*p. Calculate the remainder when n(-10) is divided by p.
5
Suppose 6*v - 36 = 24. Calculate the remainder when ((-8)/v)/(8/(-700)) is divided by 19.
13
Let j(n) = n + 24. Let p be j(0). Let y = -14 - -23. Suppose -g - h = -p, g = 3*h + 7 + y. What is the remainder when g is divided by 12?
10
Let w = -1563 + 1578. Calculate the remainder when 119 is divided by w.
14
What is the remainder when 99 is divided by (-267)/(-18) - 13/(-78)?
9
Let t(z) = 27*z - 34. Calculate the remainder when t(6) is divided by 118.
10
Suppose 0 = 28*w - 7*w - 609. Suppose -2*d + 32 = -u, -4*d + 42 + 22 = 2*u. What is the remainder when w is divided by d?
13
Suppose 0 = 3*p - 2*d - 388, -37*p + 380 = -34*p - 4*d. Calculate the remainder when p is divided by 3.
0
Let q(a) = -a**2 - 15*a - 10. What is the remainder when 74 is divided by q(-12)?
22
Calculate the remainder when ((-2)/(-7))/(((-1)/(-553))/1) is divided by 28.
18
Suppose -2*s + 2 = -6. Suppose 114 = 2*o + 2*i, -2*o - s*i + 0*i + 124 = 0. Calculate the remainder when o is divided by 9.
7
Suppose -3*d + u + 28 = -145, 0 = -d - u + 59. What is the remainder when 925 is divided by d?
55
Suppose -4*v + 4*b + 668 = 0, -v - 9*b = -4*b - 185. Calculate the remainder when v is divided by 9.
8
Let m be -136 - 6/(-3 + 0). Let o = m - -215. Calculate the remainder when o is divided by 14.
11
Let c = 314 + -301. What is the remainder when 38 is divided by c?
12
Let s = -333 - -512. What is the remainder when s is divided by 36?
35
Let t(y) = y**3 + 5*y**2 - 6*y. Let o be t(-6). Suppose -b = -o*b, 136 = 4*u + 2*b. Calculate the remainder when 131 is divided by u.
29
Let u = -13 - -7. Let o(s) = 6*s - 2. Let m(l) = 12*l - 3. Let y(q) = -3*m(q) + 5*o(q). Calculate the remainder when y(u) is divided by 18.
17
Suppose 0 = -18*v - 11*v + 812. Calculate the remainder when 99 is divided by v.
15
Suppose -860*q - 88 = -864*q. Calculate the remainder when 54 is divided by q.
10
Suppose 5*x + 1 = 6. Let v = x - -2. Suppose 6*y = v*y + 36. What is the remainder when 21 is divided by y?
9
Let a = 204 + -166. What is the remainder when 142 is divided by a?
28
Let v be 0 + -1 + 3 + 5 + -7. Suppose -3*i - 3*p = 2*p + 5, v = p + 4. What is the remainder when i is divided by 3?
2
Let a be (-36)/(-16)*20/3. Suppose 3*u = 2*r - 23, 0 = 2*r + 5*u - 0*u - a. Calculate the remainder when 28 is divided by r.
8
Suppose -q + 161 = 110. What is the remainder when 254 is divided by q?
50
Suppose a + 5 = 3, -5*a + 35 = 5*w. Calculate the remainder when 104 is divided by w.
5
Let c(b) = b**2 - 11*b + 16. What is the remainder when 14 is divided by c(10)?
2
Let g(x) = 28*x - 2. Let z = -73 + 75. What is the remainder when g(z) is divided by 11?
10
Suppose -3*t + 30 = 4*b - 16, t + 4*b = 18. Calculate the remainder when 8/52 + (-6903)/(-169) is divided by t.
13
Suppose 45 = k + 17*n - 22*n, -45 = -k - 3*n. What is the remainder when 87 is divided by k?
42
Let d be (-9 - -2 - -3) + 4 + 3. What is the remainder when 23 is divided by (-3 + 7)/(1/d)?
11
Suppose -28*o = -585 - 2887. Let j = 17 - -8. Calculate the remainder when o is divided by j.
24
Let y = -13 - -22. Let v be (-4*1)/((-16)/200). Let l = v + -33. Calculate the remainder when l is divided by y.
8
Suppose 36*q - 1365 - 5799 = 0. Calculate the remainder when q is divided by 40.
39
Let y = 78 - 56. Let v = -79 - -86. What is the remainder when y is divided by v?
1
Suppose 11*w = 4*w + 2282. What is the remainder when w is divided by 55?
51
Let i = -34 - -67. Let m = i - 18. Let x(s) = s**3 - 2*s**2 + 2*s + 2. Calculate the remainder when m is divided by x(2).
3
Let u(n) = -17*n + 10. Calculate the remainder when u(-7) is divided by ((-10432)/(-100))/4 + (-52)/650.
25
Calculate the remainder when 3/(6 - 12)*-126 is divided by 38.
25
Suppose 5*h + 5*v - 50 = -0*h, -4*h + 2*v = -16. Let u(j) = 2*j**3 - 10*j**2 - 14*j + 15. Calculate the remainder when 3 is divided by u(h).
0
Let l(t) = 4*t + 1. Let w be 9/(-6)*-2 + -1. Suppose 3*n = 0, -m - 4*m = w*n - 370. Calculate the remainder when m is divided by l(6).
24
Let p = -151 + 177. Suppose -t + 0*t - 1 = 0. Calculate the remainder when p is divided by (1/t - -12) + -1.
6
Let g(v) = 7*v - 7. Suppose -i + 5*o = 78, 10*o + 274 = -3*i + 5*o. Let n = i - -169. What is the remainder when n is divided by g(4)?
18
Calculate the remainder when 11 is divided by (49 - 44) + (0 - -6).
0
Let g(y) = 9*y**2 - 5*y + 2. Suppose 107 = 3*a - 2*o, o - 69 = -21*a + 19*a. Calculate the remainder when g(3) is divided by a.
33
Let a = 0 + 5. Suppose 9 + a = -2*v. What is the remainder when 15 is divided by (v + 4/4)*-1?
3
Let x(l) = 2*l**2 + 12*l + 3 - 33*l + 16*l + 8*l. Calculate the remainder when x(4) is divided by 10.
7
Let r = -159 - -190. Suppose 0 = 3*b - 7*b. What is the remainder when r is divided by b - -13 - (-3 - -5)?
9
Let x(v) = v**3 + 10*v**2 + 15*v - 8. Let h be x(-8). Suppose h*k + 28 = 3*k - 4*j, -2*k + 47 = 3*j. What is the remainder when 45 is divided by k?
13
Let z(p) = -p**3 - 12*p**2 + 39*p - 14. Calculate the remainder when z(-15) is divided by 30.
16
Suppose 0 = t - 3*t + 14. Suppose a + 2*s - 10 = t, -5*s - 16 = -2*a. Let v = -59 - -82. What is the remainder when v is divided by a?
10
Let q(l) = -l**3 + 14*l**2 - 37*l - 11. What is the remainder when 159 is divided by q(6)?
49
Let s be (-28)/8*(22 - -2). Let b = s + 110. What is the remainder when 96 is divided by b?
18
Calculate the remainder when (5/(-20)*11)/((-12)/48) is divided by 4.
3
Let k = -11 - -2. Let z = 11 + k. Calculate the remainder when 4 is divided by z.
0
Suppose 13*y - 9*y + 2*m = 190, 5*y = 2*m + 260. What is the remainder when 96 is divided by y?
46
Let b(v) = v**3 - 8*v**2 - 10*v + 7. Let d be b(9). Calculate the remainder when 66 is divided by d*((-207)/(-2))/(-9).
20
What is the remainder when 94 - 1/(-2 + 1) is divided by ((-105)/140)/((-12)/224)?
11
Let i = 168 - 97. Let g = 2713 + -2688. What is the remainder when i is divided by g?
21
Let d = -383 - -405. What is the remainder when d is divided by 7?
1
What is the remainder when (-411)/(-6) + 1 + (-18)/12 is divided by 25?
18
Let y = 281 + -239. Calculate the remainder when 117 is divided by y.
33
Suppose 2*f + 5*u - 3*u = -8, -3*u = 6. Calculate the remainder when 66 is divided by -2 + 36 + (f - -2)/3.
32
Suppose -u = -1164 + 1144. What is the remainder when 171 is divided by u?
11
Let z = -28 - -62. Suppose -3*l - z = -2*x, 0*x = -x + l + 16. Suppose -4*m + 7 = -29. Calculate the remainder when x is divided by m.
5
Calculate the remainder when 4639 is divided by 18694/117 + (-114)/(-27) + -4.
159
Let t = 91 - 83. What is the remainder when 12 is divided by (-42)/28*t/(-6)?
0
Let s(q) = 43*q + 8. Let g(f) = -43*f - 9. Let p(h) = -5*g(h) - 6*s(h). Calculate the remainder when p(-2) is divided by 42.
41
Suppose 0 = -4*z + 3 + 1. Suppose 5*p + 15 = g + 51, -g = 6. What is the remainder when p is divided by 5 + z + -2 + -1?
0
Let z(p) = -2*p**2 - 15*p + 5. Suppose w - 3 = 0, w + 9 + 51 = -3*u. Let s = u - -54. Calculate the remainder when s is divided by z(-7).
9
Let s(k) = -k**2 - 3*k + 4. Let n be s(-4). Suppose n = a - d - 5, 4*a + d = -2*d + 55. Let j(c) = 63*c - 834. What is the remainder when j(14) is divided by a?
8
Suppose -2*q + 5*q = 4*a - 244, -2*a = -q - 122. Suppose 0 = 19*g - 15*g. Suppose g = -6*u + 5 + 91. Calculate the remainder when a is divided by u.
13
Suppose 10 = 5*u - 10. Suppose 2*q = -2*d + 8, 2*q + 16 = u*d + 5*q. Suppose -d*l = -6*l + 116. What is the remainder when l is divided by 20?
18
Suppose 3*b + 74 = 3*i - 34, -3*i + 2*b = -105. Calculate the remainder when i is divided by 3.
0
Let p = -396 - -615. What is the remainder when p is divided by 56?
51
Let n = -73 - -115. Suppose -2*g + 6*g - 60 = 0. Suppose -3*h + g = 0, r - 3*r = 5*h - 55. What is the remainder when n is divided by r?
12
What is the remainder when 91 is divided by ((-330)/(-77))/(4/14)?
1
Let a(b) = -93*b**3 + b**2 + 2*b + 2. Let g be a(-1). Let y = g - 84. Calculate the remainder when 18 is divided by y